{"id":1741,"date":"2019-03-12T13:29:52","date_gmt":"2019-03-12T13:29:52","guid":{"rendered":"http:\/\/www.mindflow-coaching.com\/?page_id=1741"},"modified":"2021-03-10T18:58:24","modified_gmt":"2021-03-10T18:58:24","slug":"kletterkurse","status":"publish","type":"page","link":"https:\/\/www.mindflow-coaching.com\/?page_id=1741","title":{"rendered":"Kletterkurse"},"content":{"rendered":"\t\t<div data-elementor-type=\"wp-post\" data-elementor-id=\"1741\" class=\"elementor elementor-1741\" data-elementor-settings=\"[]\">\n\t\t\t\t\t\t<div class=\"elementor-inner\">\n\t\t\t\t\t\t\t<div class=\"elementor-section-wrap\">\n\t\t\t\t\t\t\t<section class=\"elementor-section elementor-top-section elementor-element elementor-element-908bb98 elementor-section-boxed elementor-section-height-default elementor-section-height-default\" data-id=\"908bb98\" data-element_type=\"section\">\n\t\t\t\t\t\t<div class=\"elementor-container elementor-column-gap-default\">\n\t\t\t\t\t\t\t<div class=\"elementor-row\">\n\t\t\t\t\t<div class=\"elementor-column elementor-col-100 elementor-top-column elementor-element elementor-element-75f09fe\" data-id=\"75f09fe\" data-element_type=\"column\">\n\t\t\t<div class=\"elementor-column-wrap elementor-element-populated\">\n\t\t\t\t\t\t\t<div class=\"elementor-widget-wrap\">\n\t\t\t\t\t\t<div class=\"elementor-element elementor-element-a77d74c elementor-widget elementor-widget-image\" data-id=\"a77d74c\" data-element_type=\"widget\" data-widget_type=\"image.default\">\n\t\t\t\t<div class=\"elementor-widget-container\">\n\t\t\t\t\t\t\t\t<div class=\"elementor-image\">\n\t\t\t\t\t\t\t\t\t\t\t\t<img width=\"710\" height=\"474\" src=\"https:\/\/www.mindflow-coaching.com\/wp-content\/uploads\/2020\/07\/DSC8189-1024x683.jpg\" class=\"attachment-large size-large\" alt=\"\" loading=\"lazy\" srcset=\"https:\/\/www.mindflow-coaching.com\/wp-content\/uploads\/2020\/07\/DSC8189-1024x683.jpg 1024w, https:\/\/www.mindflow-coaching.com\/wp-content\/uploads\/2020\/07\/DSC8189-300x200.jpg 300w, https:\/\/www.mindflow-coaching.com\/wp-content\/uploads\/2020\/07\/DSC8189-768x512.jpg 768w, https:\/\/www.mindflow-coaching.com\/wp-content\/uploads\/2020\/07\/DSC8189-1060x707.jpg 1060w, https:\/\/www.mindflow-coaching.com\/wp-content\/uploads\/2020\/07\/DSC8189-550x367.jpg 550w, https:\/\/www.mindflow-coaching.com\/wp-content\/uploads\/2020\/07\/DSC8189-750x500.jpg 750w, https:\/\/www.mindflow-coaching.com\/wp-content\/uploads\/2020\/07\/DSC8189.jpg 1200w\" sizes=\"(max-width: 710px) 100vw, 710px\" \/>\t\t\t\t\t\t\t\t\t\t\t\t\t\t<\/div>\n\t\t\t\t\t\t<\/div>\n\t\t\t\t<\/div>\n\t\t\t\t\t\t<\/div>\n\t\t\t\t\t<\/div>\n\t\t<\/div>\n\t\t\t\t\t\t\t\t<\/div>\n\t\t\t\t\t<\/div>\n\t\t<\/section>\n\t\t\t\t<section class=\"elementor-section elementor-top-section elementor-element elementor-element-731ad03 elementor-section-boxed elementor-section-height-default elementor-section-height-default\" data-id=\"731ad03\" data-element_type=\"section\">\n\t\t\t\t\t\t<div class=\"elementor-container elementor-column-gap-default\">\n\t\t\t\t\t\t\t<div class=\"elementor-row\">\n\t\t\t\t\t<div class=\"elementor-column elementor-col-100 elementor-top-column elementor-element elementor-element-383c2f1\" data-id=\"383c2f1\" data-element_type=\"column\">\n\t\t\t<div class=\"elementor-column-wrap elementor-element-populated\">\n\t\t\t\t\t\t\t<div class=\"elementor-widget-wrap\">\n\t\t\t\t\t\t<div class=\"elementor-element elementor-element-a681dca elementor-widget elementor-widget-spacer\" data-id=\"a681dca\" data-element_type=\"widget\" data-widget_type=\"spacer.default\">\n\t\t\t\t<div class=\"elementor-widget-container\">\n\t\t\t\t\t<div class=\"elementor-spacer\">\n\t\t\t<div class=\"elementor-spacer-inner\"><\/div>\n\t\t<\/div>\n\t\t\t\t<\/div>\n\t\t\t\t<\/div>\n\t\t\t\t\t\t<\/div>\n\t\t\t\t\t<\/div>\n\t\t<\/div>\n\t\t\t\t\t\t\t\t<\/div>\n\t\t\t\t\t<\/div>\n\t\t<\/section>\n\t\t\t\t<section class=\"elementor-section elementor-top-section elementor-element elementor-element-db16f7e elementor-section-boxed elementor-section-height-default elementor-section-height-default\" data-id=\"db16f7e\" data-element_type=\"section\">\n\t\t\t\t\t\t<div class=\"elementor-container elementor-column-gap-default\">\n\t\t\t\t\t\t\t<div class=\"elementor-row\">\n\t\t\t\t\t<div class=\"elementor-column elementor-col-100 elementor-top-column elementor-element elementor-element-93db3cf\" data-id=\"93db3cf\" data-element_type=\"column\">\n\t\t\t<div class=\"elementor-column-wrap elementor-element-populated\">\n\t\t\t\t\t\t\t<div class=\"elementor-widget-wrap\">\n\t\t\t\t\t\t<div class=\"elementor-element elementor-element-01bf9a0 elementor-widget elementor-widget-heading\" data-id=\"01bf9a0\" data-element_type=\"widget\" data-widget_type=\"heading.default\">\n\t\t\t\t<div class=\"elementor-widget-container\">\n\t\t\t<h2 class=\"elementor-heading-title elementor-size-default\">Warum gerade Klettern gut f\u00fcr dich ist<\/h2>\t\t<\/div>\n\t\t\t\t<\/div>\n\t\t\t\t\t\t<\/div>\n\t\t\t\t\t<\/div>\n\t\t<\/div>\n\t\t\t\t\t\t\t\t<\/div>\n\t\t\t\t\t<\/div>\n\t\t<\/section>\n\t\t\t\t<section class=\"elementor-section elementor-top-section elementor-element elementor-element-210a26e elementor-section-boxed elementor-section-height-default elementor-section-height-default\" data-id=\"210a26e\" data-element_type=\"section\">\n\t\t\t\t\t\t<div class=\"elementor-container elementor-column-gap-default\">\n\t\t\t\t\t\t\t<div class=\"elementor-row\">\n\t\t\t\t\t<div class=\"elementor-column elementor-col-100 elementor-top-column elementor-element elementor-element-60ba3f8\" data-id=\"60ba3f8\" data-element_type=\"column\">\n\t\t\t<div class=\"elementor-column-wrap elementor-element-populated\">\n\t\t\t\t\t\t\t<div class=\"elementor-widget-wrap\">\n\t\t\t\t\t\t<div class=\"elementor-element elementor-element-c8e9dda elementor-widget elementor-widget-text-editor\" data-id=\"c8e9dda\" data-element_type=\"widget\" data-widget_type=\"text-editor.default\">\n\t\t\t\t<div class=\"elementor-widget-container\">\n\t\t\t\t\t\t\t\t<div class=\"elementor-text-editor elementor-clearfix\">\n\t\t\t\t<p>Klettern ist mehr als nur ein Sport, es ist eine Lebenseinstellung. Beim Klettern geht es darum die eigene Komfortzone zu verlassen und sich zu trauen. Sich trauen seine eigenen F\u00e4higkeiten (k\u00f6rperlich, sowie geistig) zu erweitern und neue Seiten an sich kennenlernen &#8211; das ist es, was das Klettern zu etwas ganz besonderem macht. Ein nicht unerheblicher, sch\u00f6ner Nebeneffekt zeigt sich durch das gezielte Ganzk\u00f6rper-Muskeltraining und die gesteigerte Kondition. Aber auch der Geist wird trainiert: Klettern macht mutiger, st\u00e4rker und zielstrebiger. Eigenschaften, die sich gut in den Alltag und somit ins gesamte Leben \u00fcbertragen lassen. <\/p><p>W\u00e4hrend beim Jogging, Radfahren oder Schwimmen immer wieder dieselben Bewegungsabl\u00e4ufe zum Tragen kommen, fordert jede neue Route entsprechend neue Bewegungsabl\u00e4ufe, die stetig variieren k\u00f6nnen. Ein Training f\u00fcr K\u00f6rper und Geist. <\/p><p>Um mit dem Klettersport anfangen zu k\u00f6nnen, bedarf es kaum bis gar keiner Vorkenntnisse. Jedes Kind kann klettern und bringt dabei meist eine bessere Technik zu Tage, als ein Erwachsener, der die k\u00f6rperlichen Abl\u00e4ufe erst &#8222;wieder&#8220; lernen muss. Klettern ist eine nat\u00fcrliche Bewegung, die wir intuitiv aus\u00fcben. Unabh\u00e4ngig von Alter und Konstitution kann jeder die Sportart betreiben. Selbst f\u00fcr k\u00f6rperlich eingschr\u00e4nkte Menschen, wie Rollstuhlfahrer, MS-Patienten oder Menschen mit Gehbehinderung gibt es etliche M\u00f6glichkeiten, um die Sportart, den k\u00f6rperlichen Bed\u00fcrfnissen angepasst, auszu\u00fcben.<\/p>\t\t\t\t\t<\/div>\n\t\t\t\t\t\t<\/div>\n\t\t\t\t<\/div>\n\t\t\t\t\t\t<\/div>\n\t\t\t\t\t<\/div>\n\t\t<\/div>\n\t\t\t\t\t\t\t\t<\/div>\n\t\t\t\t\t<\/div>\n\t\t<\/section>\n\t\t\t\t<section class=\"elementor-section elementor-top-section elementor-element elementor-element-4a40483 elementor-section-boxed elementor-section-height-default elementor-section-height-default\" data-id=\"4a40483\" data-element_type=\"section\">\n\t\t\t\t\t\t<div class=\"elementor-container elementor-column-gap-default\">\n\t\t\t\t\t\t\t<div class=\"elementor-row\">\n\t\t\t\t\t<div class=\"elementor-column elementor-col-100 elementor-top-column elementor-element elementor-element-d236188\" data-id=\"d236188\" data-element_type=\"column\">\n\t\t\t<div class=\"elementor-column-wrap elementor-element-populated\">\n\t\t\t\t\t\t\t<div class=\"elementor-widget-wrap\">\n\t\t\t\t\t\t<div class=\"elementor-element elementor-element-1e5187f elementor-widget elementor-widget-text-editor\" data-id=\"1e5187f\" data-element_type=\"widget\" data-widget_type=\"text-editor.default\">\n\t\t\t\t<div class=\"elementor-widget-container\">\n\t\t\t\t\t\t\t\t<div class=\"elementor-text-editor elementor-clearfix\">\n\t\t\t\t<ul><li style=\"text-align: center;\">Klettern hat dich schon immer fasziniert, aber dir fehlt der passende Sicherungspartner? Buche eine Schnupperstunde mit mir und ich f\u00fchre dich langsam, in deinem eigenen Tempo, an den Klettersport heran.<\/li><li style=\"text-align: center;\">Dein Kind \/ Deine Kinder sind von B\u00e4umen nicht fernzuhalten? Sie klettern f\u00fcr ihr Leben gern und wissen nicht wohin mit ihrer Energie? Lass mich dir zeigen, wie du mit deinen Kindern gemeinsam den Klettersport aus\u00fcben kannst.<\/li><li style=\"text-align: center;\">Du hast bereits Klettererfahrung und bist auf der Suche nach dem &#8222;next level&#8220;? Dann buche ein Personal Training mit mir und ich zeige dir, wie du deine Klettertechnik verbessern kannst<\/li><\/ul>\t\t\t\t\t<\/div>\n\t\t\t\t\t\t<\/div>\n\t\t\t\t<\/div>\n\t\t\t\t\t\t<\/div>\n\t\t\t\t\t<\/div>\n\t\t<\/div>\n\t\t\t\t\t\t\t\t<\/div>\n\t\t\t\t\t<\/div>\n\t\t<\/section>\n\t\t\t\t<section class=\"elementor-section elementor-top-section elementor-element elementor-element-632eae9b elementor-section-boxed elementor-section-height-default elementor-section-height-default\" data-id=\"632eae9b\" data-element_type=\"section\">\n\t\t\t\t\t\t<div class=\"elementor-container elementor-column-gap-default\">\n\t\t\t\t\t\t\t<div class=\"elementor-row\">\n\t\t\t\t\t<div class=\"elementor-column elementor-col-100 elementor-top-column elementor-element elementor-element-75fcab3f\" data-id=\"75fcab3f\" data-element_type=\"column\">\n\t\t\t<div class=\"elementor-column-wrap elementor-element-populated\">\n\t\t\t\t\t\t\t<div class=\"elementor-widget-wrap\">\n\t\t\t\t\t\t<div class=\"elementor-element elementor-element-172cdd0c elementor-widget elementor-widget-heading\" data-id=\"172cdd0c\" data-element_type=\"widget\" data-widget_type=\"heading.default\">\n\t\t\t\t<div class=\"elementor-widget-container\">\n\t\t\t<h2 class=\"elementor-heading-title elementor-size-large\">Kursangebote<\/h2>\t\t<\/div>\n\t\t\t\t<\/div>\n\t\t\t\t<section class=\"elementor-section elementor-inner-section elementor-element elementor-element-3f6e7f06 elementor-section-height-min-height elementor-section-content-bottom elementor-section-boxed elementor-section-height-default\" data-id=\"3f6e7f06\" data-element_type=\"section\">\n\t\t\t\t\t\t<div class=\"elementor-container elementor-column-gap-wider\">\n\t\t\t\t\t\t\t<div class=\"elementor-row\">\n\t\t\t\t\t<div class=\"elementor-column elementor-col-33 elementor-inner-column elementor-element elementor-element-7666c30a\" data-id=\"7666c30a\" data-element_type=\"column\" data-settings=\"{&quot;background_background&quot;:&quot;classic&quot;}\">\n\t\t\t<div class=\"elementor-column-wrap elementor-element-populated\">\n\t\t\t\t\t\t\t<div class=\"elementor-widget-wrap\">\n\t\t\t\t\t\t<div class=\"elementor-element elementor-element-d2d6446 elementor-widget elementor-widget-heading\" data-id=\"d2d6446\" data-element_type=\"widget\" data-widget_type=\"heading.default\">\n\t\t\t\t<div class=\"elementor-widget-container\">\n\t\t\t<h3 class=\"elementor-heading-title elementor-size-large\"><a href=\"https:\/\/www.mindflow-coaching.com\/?page_id=959\">Einsteiger-<br>Kurs<\/a><\/h3>\t\t<\/div>\n\t\t\t\t<\/div>\n\t\t\t\t\t\t<\/div>\n\t\t\t\t\t<\/div>\n\t\t<\/div>\n\t\t\t\t<div class=\"elementor-column elementor-col-33 elementor-inner-column elementor-element elementor-element-362993ca\" data-id=\"362993ca\" data-element_type=\"column\" data-settings=\"{&quot;background_background&quot;:&quot;classic&quot;}\">\n\t\t\t<div class=\"elementor-column-wrap elementor-element-populated\">\n\t\t\t\t\t\t\t<div class=\"elementor-widget-wrap\">\n\t\t\t\t\t\t<div class=\"elementor-element elementor-element-69c257b4 elementor-widget elementor-widget-heading\" data-id=\"69c257b4\" data-element_type=\"widget\" data-widget_type=\"heading.default\">\n\t\t\t\t<div class=\"elementor-widget-container\">\n\t\t\t<h3 class=\"elementor-heading-title elementor-size-large\"><a href=\"https:\/\/www.mindflow-coaching.com\/?page_id=959\">Eltern\/Kind-<br>Kurs<\/a><\/h3>\t\t<\/div>\n\t\t\t\t<\/div>\n\t\t\t\t\t\t<\/div>\n\t\t\t\t\t<\/div>\n\t\t<\/div>\n\t\t\t\t<div class=\"elementor-column elementor-col-33 elementor-inner-column elementor-element elementor-element-241bd988\" data-id=\"241bd988\" data-element_type=\"column\" data-settings=\"{&quot;background_background&quot;:&quot;classic&quot;}\">\n\t\t\t<div class=\"elementor-column-wrap elementor-element-populated\">\n\t\t\t\t\t\t\t<div class=\"elementor-widget-wrap\">\n\t\t\t\t\t\t<div class=\"elementor-element elementor-element-1ec0de0e elementor-widget elementor-widget-heading\" data-id=\"1ec0de0e\" data-element_type=\"widget\" data-widget_type=\"heading.default\">\n\t\t\t\t<div class=\"elementor-widget-container\">\n\t\t\t<h3 class=\"elementor-heading-title elementor-size-large\"><a href=\"https:\/\/www.mindflow-coaching.com\/?page_id=959\">Personal<br>Training<\/a><\/h3>\t\t<\/div>\n\t\t\t\t<\/div>\n\t\t\t\t\t\t<\/div>\n\t\t\t\t\t<\/div>\n\t\t<\/div>\n\t\t\t\t\t\t\t\t<\/div>\n\t\t\t\t\t<\/div>\n\t\t<\/section>\n\t\t\t\t\t\t<\/div>\n\t\t\t\t\t<\/div>\n\t\t<\/div>\n\t\t\t\t\t\t\t\t<\/div>\n\t\t\t\t\t<\/div>\n\t\t<\/section>\n\t\t\t\t\t\t<\/div>\n\t\t\t\t\t\t<\/div>\n\t\t\t\t\t<\/div>\n\t\t","protected":false},"excerpt":{"rendered":"<p>Warum gerade Klettern gut f\u00fcr dich ist Klettern ist mehr als nur ein Sport, es ist eine Lebenseinstellung. Beim Klettern geht es darum die eigene Komfortzone zu verlassen und sich zu trauen. Sich trauen seine eigenen F\u00e4higkeiten (k\u00f6rperlich, sowie geistig) zu erweitern und neue Seiten an sich kennenlernen &#8211; das ist es, was das Klettern zu etwas ganz besonderem macht. Ein nicht unerheblicher, sch\u00f6ner Nebeneffekt&#8230; <\/p>\n<p class=\"more\"><a class=\"more-link\" href=\"https:\/\/www.mindflow-coaching.com\/?page_id=1741\">Read More<\/a><\/p>\n","protected":false},"author":1,"featured_media":0,"parent":0,"menu_order":0,"comment_status":"closed","ping_status":"closed","template":"","meta":[],"_links":{"self":[{"href":"https:\/\/www.mindflow-coaching.com\/index.php?rest_route=\/wp\/v2\/pages\/1741"}],"collection":[{"href":"https:\/\/www.mindflow-coaching.com\/index.php?rest_route=\/wp\/v2\/pages"}],"about":[{"href":"https:\/\/www.mindflow-coaching.com\/index.php?rest_route=\/wp\/v2\/types\/page"}],"author":[{"embeddable":true,"href":"https:\/\/www.mindflow-coaching.com\/index.php?rest_route=\/wp\/v2\/users\/1"}],"replies":[{"embeddable":true,"href":"https:\/\/www.mindflow-coaching.com\/index.php?rest_route=%2Fwp%2Fv2%2Fcomments&post=1741"}],"version-history":[{"count":29,"href":"https:\/\/www.mindflow-coaching.com\/index.php?rest_route=\/wp\/v2\/pages\/1741\/revisions"}],"predecessor-version":[{"id":2719,"href":"https:\/\/www.mindflow-coaching.com\/index.php?rest_route=\/wp\/v2\/pages\/1741\/revisions\/2719"}],"wp:attachment":[{"href":"https:\/\/www.mindflow-coaching.com\/index.php?rest_route=%2Fwp%2Fv2%2Fmedia&parent=1741"}],"curies":[{"name":"wp","href":"https:\/\/api.w.org\/{rel}","templated":true}]}}